{"id":269,"date":"2022-06-13T00:10:50","date_gmt":"2022-06-13T00:10:50","guid":{"rendered":"http:\/\/abcar.com.ec\/?page_id=269"},"modified":"2022-11-16T21:41:53","modified_gmt":"2022-11-17T02:41:53","slug":"soporte-2","status":"publish","type":"page","link":"https:\/\/abcar.com.ec\/index.php\/soporte-2\/","title":{"rendered":"Soporte"},"content":{"rendered":"<p>[et_pb_section fb_built=\u00bb1&#8243; admin_label=\u00bbAbout\u00bb module_id=\u00bbTeleventas\u00bb _builder_version=\u00bb4.17.4&#8243; _module_preset=\u00bbdefault\u00bb background_color=\u00bb#eaeaf1&#8243; min_height=\u00bb709px\u00bb custom_padding=\u00bb50px|0px|0|0px|false|false\u00bb locked=\u00bboff\u00bb global_colors_info=\u00bb{}\u00bb][et_pb_row column_structure=\u00bb1_3,2_3&#8243; _builder_version=\u00bb4.16&#8243; _module_preset=\u00bbdefault\u00bb width=\u00bb90%\u00bb max_width=\u00bb1600px\u00bb module_alignment=\u00bbright\u00bb custom_margin=\u00bb|0px||\u00bb custom_padding=\u00bb0px|0px|0||false|false\u00bb use_custom_width=\u00bbon\u00bb width_unit=\u00bboff\u00bb custom_width_percent=\u00bb90%\u00bb global_colors_info=\u00bb{}\u00bb][et_pb_column type=\u00bb1_3&#8243; _builder_version=\u00bb4.16&#8243; _module_preset=\u00bbdefault\u00bb custom_padding=\u00bb|50px|40px|\u00bb global_colors_info=\u00bb{}\u00bb custom_padding__hover=\u00bb|||\u00bb][et_pb_text _builder_version=\u00bb4.17.4&#8243; _module_preset=\u00bbdefault\u00bb text_font=\u00bb|600|||||||\u00bb text_line_height=\u00bb2em\u00bb header_font=\u00bb||||||||\u00bb header_2_font=\u00bbKhand|700||on|||||\u00bb header_2_font_size=\u00bb45px\u00bb header_2_line_height=\u00bb1.2em\u00bb custom_margin=\u00bb||1px|||\u00bb custom_padding=\u00bb||0px|||\u00bb header_2_font_size_tablet=\u00bb40px\u00bb header_2_font_size_phone=\u00bb30px\u00bb header_2_font_size_last_edited=\u00bbon|desktop\u00bb global_colors_info=\u00bb{}\u00bb]<\/p>\n<h2>TELEVENTAS<\/h2>\n<p>[\/et_pb_text][et_pb_text _builder_version=\u00bb4.19.0&#8243; _module_preset=\u00bbdefault\u00bb text_font=\u00bb|600|||||||\u00bb text_line_height=\u00bb2em\u00bb header_font=\u00bb||||||||\u00bb header_2_font=\u00bbKhand|700||on|||||\u00bb header_2_font_size=\u00bb45px\u00bb header_2_line_height=\u00bb1.2em\u00bb custom_margin=\u00bb||1px|||\u00bb custom_padding=\u00bb||0px|||\u00bb hover_enabled=\u00bb0&#8243; header_2_font_size_tablet=\u00bb40px\u00bb header_2_font_size_phone=\u00bb30px\u00bb header_2_font_size_last_edited=\u00bbon|desktop\u00bb locked=\u00bboff\u00bb global_colors_info=\u00bb{}\u00bb sticky_enabled=\u00bb0&#8243;]<\/p>\n<h2><\/h2>\n<p><strong>Llamadas Telef\u00f3nicas\u00a0<\/strong><\/p>\n<p style=\"text-align: justify;\">Para comunicarse directamente con ABCAR est\u00e1n a sus disposici\u00f3n los siguientes n\u00fameros convencionales: 2447354\/2267148\/2459146. Tambi\u00e9n puede llamar a los siguientes n\u00fameros celulares: 0991692345\/0984664229<\/p>\n<p><span><strong>Distribuci\u00f3n<\/strong><\/span><\/p>\n<p style=\"text-align: justify;\">Para env\u00edos se debe coordinar pago y env\u00edo de los repuestos a trav\u00e9s del Whatsapp 0979581152. En los env\u00edos el cliente asume los costos de flete y riesgo de transporte. Para env\u00edos a provincia se realizan \u00fanicamente por servientrega.<\/p>\n<p><strong>Repuestos<\/strong><\/p>\n<p style=\"text-align: justify;\">Los repuestos que se dispone son alternos y originales de las marcas m\u00e1s reconocidas con la garant\u00eda de que son nuevos de f\u00e1brica.<\/p>\n<p><span><strong>Importaciones.<\/strong><\/span><\/p>\n<p style=\"text-align: justify;\">En caso de no disponer del repuesto en stock se puede realizar la importaci\u00f3n del mismo bajo pedido con fecha aproximada de llegada de 15 a 21 d\u00edas laborables con el 60% de anticipo.<\/p>\n<p>[\/et_pb_text][\/et_pb_column][et_pb_column type=\u00bb2_3&#8243; _builder_version=\u00bb4.16&#8243; _module_preset=\u00bbdefault\u00bb custom_padding=\u00bb|||\u00bb global_colors_info=\u00bb{}\u00bb custom_padding__hover=\u00bb|||\u00bb][et_pb_image src=\u00bbhttp:\/\/abcar.com.ec\/wp-content\/uploads\/2022\/06\/mechanic-74-1.png\u00bb title_text=\u00bbpngwing.com (17)\u00bb align_tablet=\u00bbcenter\u00bb align_phone=\u00bbcenter\u00bb align_last_edited=\u00bbon|desktop\u00bb _builder_version=\u00bb4.18.0&#8243; _module_preset=\u00bbdefault\u00bb background_image=\u00bbhttp:\/\/abcar.com.ec\/wp-content\/uploads\/2022\/06\/pngwing.com-17.png\u00bb parallax=\u00bbon\u00bb locked=\u00bboff\u00bb global_colors_info=\u00bb{}\u00bb][\/et_pb_image][\/et_pb_column][\/et_pb_row][\/et_pb_section][et_pb_section fb_built=\u00bb1&#8243; admin_label=\u00bbSection Title\u00bb module_id=\u00bbPreguntas\u00bb _builder_version=\u00bb4.17.4&#8243; _module_preset=\u00bbdefault\u00bb background_color=\u00bb#eaeaf1&#8243; use_background_color_gradient=\u00bbon\u00bb background_color_gradient_direction=\u00bb110deg\u00bb background_color_gradient_stops=\u00bb#eaeaf1 86%|#f71635 86%\u00bb background_color_gradient_start=\u00bb#eaeaf1&#8243; background_color_gradient_start_position=\u00bb86%\u00bb background_color_gradient_end=\u00bb#f71635&#8243; background_color_gradient_end_position=\u00bb0%\u00bb custom_padding=\u00bb0px||0px|||\u00bb saved_tabs=\u00bball\u00bb global_colors_info=\u00bb{}\u00bb][et_pb_row _builder_version=\u00bb4.16&#8243; _module_preset=\u00bbdefault\u00bb custom_padding=\u00bb||0px|||\u00bb global_colors_info=\u00bb{}\u00bb][et_pb_column type=\u00bb4_4&#8243; _builder_version=\u00bb4.16&#8243; _module_preset=\u00bbdefault\u00bb custom_padding=\u00bb|||\u00bb global_colors_info=\u00bb{}\u00bb custom_padding__hover=\u00bb|||\u00bb][et_pb_text _builder_version=\u00bb4.17.4&#8243; _module_preset=\u00bbdefault\u00bb text_font=\u00bb|600|||||||\u00bb text_line_height=\u00bb2em\u00bb header_font=\u00bb||||||||\u00bb header_2_font=\u00bbKhand|700||on|||||\u00bb header_2_font_size=\u00bb45px\u00bb header_2_line_height=\u00bb1.2em\u00bb custom_margin=\u00bb||1px|||\u00bb custom_padding=\u00bb||0px|||\u00bb header_2_font_size_tablet=\u00bb40px\u00bb header_2_font_size_phone=\u00bb30px\u00bb header_2_font_size_last_edited=\u00bbon|desktop\u00bb locked=\u00bboff\u00bb global_colors_info=\u00bb{}\u00bb]<\/p>\n<h2>PREGUNTAS FRECUENTES<\/h2>\n<p>[\/et_pb_text][\/et_pb_column][\/et_pb_row][\/et_pb_section][et_pb_section fb_built=\u00bb1&#8243; specialty=\u00bbon\u00bb custom_padding_last_edited=\u00bbon|tablet\u00bb padding_top_1=\u00bb0px\u00bb padding_top_2=\u00bb100px\u00bb padding_bottom_1=\u00bb0px\u00bb padding_2_tablet=\u00bb0px|||10vw\u00bb padding_2_phone=\u00bb\u00bb padding_2_last_edited=\u00bbon|desktop\u00bb admin_label=\u00bbWhy This Service\u00bb _builder_version=\u00bb4.16&#8243; _module_preset=\u00bbdefault\u00bb inner_width=\u00bb100%\u00bb inner_max_width=\u00bb100%\u00bb custom_padding=\u00bb0px|10vw|0px|||\u00bb custom_padding_tablet=\u00bb\u00bb custom_padding_phone=\u00bb\u00bb use_custom_width=\u00bbon\u00bb width_unit=\u00bboff\u00bb custom_width_percent=\u00bb100%\u00bb global_colors_info=\u00bb{}\u00bb][et_pb_column type=\u00bb1_2&#8243; _builder_version=\u00bb4.16&#8243; _module_preset=\u00bbdefault\u00bb custom_padding=\u00bb|||\u00bb global_colors_info=\u00bb{}\u00bb custom_padding__hover=\u00bb|||\u00bb][et_pb_image src=\u00bbhttp:\/\/abcar.com.ec\/wp-content\/uploads\/2022\/06\/mechanic-60.png\u00bb title_text=\u00bbPreguntas\u00bb _builder_version=\u00bb4.17.4&#8243; _module_preset=\u00bbdefault\u00bb background_image=\u00bbhttp:\/\/abcar.com.ec\/wp-content\/uploads\/2022\/06\/Preguntas.png\u00bb parallax=\u00bbon\u00bb max_width_tablet=\u00bb60%\u00bb max_width_phone=\u00bb\u00bb max_width_last_edited=\u00bbon|desktop\u00bb custom_margin=\u00bb||-1px\u00bb always_center_on_mobile=\u00bboff\u00bb global_colors_info=\u00bb{}\u00bb][\/et_pb_image][\/et_pb_column][et_pb_column type=\u00bb1_2&#8243; specialty_columns=\u00bb2&#8243; _builder_version=\u00bb4.16&#8243; _module_preset=\u00bbdefault\u00bb custom_padding=\u00bb|||\u00bb global_colors_info=\u00bb{}\u00bb custom_padding__hover=\u00bb|||\u00bb][et_pb_row_inner column_structure=\u00bb1_2,1_2&#8243; _builder_version=\u00bb4.18.0&#8243; _module_preset=\u00bbdefault\u00bb locked=\u00bboff\u00bb global_colors_info=\u00bb{}\u00bb][et_pb_column_inner type=\u00bb1_2&#8243; saved_specialty_column_type=\u00bb1_2&#8243; _builder_version=\u00bb4.16&#8243; _module_preset=\u00bbdefault\u00bb custom_padding=\u00bb|||\u00bb global_colors_info=\u00bb{}\u00bb custom_padding__hover=\u00bb|||\u00bb][et_pb_blurb title=\u00bb\u00bfQu\u00e9 tipo de repuestos vende ABCAR?\u00bb use_icon=\u00bbon\u00bb font_icon=\u00bb&#x5e;||divi||400&#8243; icon_color=\u00bb#f71635&#8243; icon_placement=\u00bbleft\u00bb image_icon_width=\u00bb20px\u00bb _builder_version=\u00bb4.17.4&#8243; _module_preset=\u00bbdefault\u00bb header_font=\u00bb|700||on|||||\u00bb header_font_size=\u00bb16px\u00bb header_letter_spacing=\u00bb2px\u00bb header_line_height=\u00bb1.2em\u00bb body_font=\u00bb|600|||||||\u00bb body_line_height=\u00bb2em\u00bb animation=\u00bboff\u00bb icon_font_size=\u00bb20px\u00bb global_colors_info=\u00bb{}\u00bb]<\/p>\n<p style=\"text-align: justify;\"><span>Nuestra empresa cuenta con la variedad m\u00e1s completa de repuestos para veh\u00edculos Chrysler, Jeep, Dodge y Ram. M\u00e1s de 35,000 \u00edtems en nuestra amplia gama de productos, que forman parte de los diferentes sistemas de un veh\u00edculo.<\/span><\/p>\n<p>[\/et_pb_blurb][et_pb_blurb title=\u00bb\u00bfC\u00f3mo puedo obtener el repuesto que requiero?\u00bb use_icon=\u00bbon\u00bb font_icon=\u00bb&#x5e;||divi||400&#8243; icon_color=\u00bb#f71635&#8243; icon_placement=\u00bbleft\u00bb image_icon_width=\u00bb20px\u00bb _builder_version=\u00bb4.19.0&#8243; _module_preset=\u00bbdefault\u00bb header_font=\u00bb|700||on|||||\u00bb header_font_size=\u00bb16px\u00bb header_letter_spacing=\u00bb2px\u00bb header_line_height=\u00bb1.2em\u00bb body_font=\u00bb|600|||||||\u00bb body_line_height=\u00bb2em\u00bb animation=\u00bboff\u00bb hover_enabled=\u00bb0&#8243; icon_font_size=\u00bb20px\u00bb global_colors_info=\u00bb{}\u00bb sticky_enabled=\u00bb0&#8243;]<\/p>\n<p style=\"text-align: justify;\">Puede acercarce directamente a nuestro establecimiento donde le ayudaremos con gusto a sus requerimientos. Tambi\u00e9n puede contactarse v\u00eda Whatsapp para cotizar sus repuestos, de igual manera coordinar el pago y de ser necesario el env\u00edo del mismo.<\/p>\n<p style=\"text-align: justify;\">Finalmente tambi\u00e9n est\u00e1 a su disposici\u00f3n solicitar una cotizaci\u00f3n por medio del formulario en nuestra p\u00e1gina web a trav\u00e9s del que nos comunicaremos con usted para gestionar el requerimiento.<\/p>\n<p>[\/et_pb_blurb][et_pb_blurb title=\u00bb\u00bfC\u00f3mo recibo mis repuestos cuando le compro a uno de sus vendedores?\u00bb use_icon=\u00bbon\u00bb font_icon=\u00bb&#x5e;||divi||400&#8243; icon_color=\u00bb#f71635&#8243; icon_placement=\u00bbleft\u00bb image_icon_width=\u00bb20px\u00bb _builder_version=\u00bb4.19.0&#8243; _module_preset=\u00bbdefault\u00bb header_font=\u00bb|700||on|||||\u00bb header_font_size=\u00bb16px\u00bb header_letter_spacing=\u00bb2px\u00bb header_line_height=\u00bb1.2em\u00bb body_font=\u00bb|600|||||||\u00bb body_line_height=\u00bb2em\u00bb animation=\u00bboff\u00bb hover_enabled=\u00bb0&#8243; icon_font_size=\u00bb20px\u00bb global_colors_info=\u00bb{}\u00bb sticky_enabled=\u00bb0&#8243;]<\/p>\n<p style=\"text-align: justify;\">Para env\u00edos deben primero ser coordinados mediante nuestro Whatsapp.0979581152. En los env\u00edos el cliente asume el costo del flete que se realiza por medio de Servientrega con un tiempo aproximado de llegada de 24 a 48 horas.<\/p>\n<p>[\/et_pb_blurb][\/et_pb_column_inner][et_pb_column_inner type=\u00bb1_2&#8243; saved_specialty_column_type=\u00bb1_2&#8243; _builder_version=\u00bb4.16&#8243; _module_preset=\u00bbdefault\u00bb custom_padding=\u00bb|||\u00bb global_colors_info=\u00bb{}\u00bb custom_padding__hover=\u00bb|||\u00bb][et_pb_blurb title=\u00bb\u00bfLos productos que se comercializan cuentan con garant\u00eda?\u00bb use_icon=\u00bbon\u00bb font_icon=\u00bb&#x5e;||divi||400&#8243; icon_color=\u00bb#f71635&#8243; icon_placement=\u00bbleft\u00bb image_icon_width=\u00bb20px\u00bb _builder_version=\u00bb4.19.0&#8243; _module_preset=\u00bbdefault\u00bb header_font=\u00bb|700||on|||||\u00bb header_font_size=\u00bb16px\u00bb header_letter_spacing=\u00bb2px\u00bb header_line_height=\u00bb1.2em\u00bb body_font=\u00bb|600|||||||\u00bb body_line_height=\u00bb2em\u00bb animation=\u00bboff\u00bb hover_enabled=\u00bb0&#8243; icon_font_size=\u00bb20px\u00bb global_colors_info=\u00bb{}\u00bb sticky_enabled=\u00bb0&#8243;]<\/p>\n<p style=\"text-align: justify;\">La garant\u00eda que ofrece Abcar sobre sus productos es que son nuevos de f\u00e1brica. Con m\u00e1s de 30 a\u00f1os de experiencia en el mercado, Abcar cuenta con el respaldo de las marcas m\u00e1s reconocidas a nivel nacional e internacional.<\/p>\n<p>[\/et_pb_blurb][et_pb_blurb title=\u00bb\u00bfC\u00f3mo se realiza la transacci\u00f3n?\u00bb use_icon=\u00bbon\u00bb font_icon=\u00bb&#x5e;||divi||400&#8243; icon_color=\u00bb#f71635&#8243; icon_placement=\u00bbleft\u00bb image_icon_width=\u00bb20px\u00bb _builder_version=\u00bb4.19.0&#8243; _module_preset=\u00bbdefault\u00bb header_font=\u00bb|700||on|||||\u00bb header_font_size=\u00bb16px\u00bb header_letter_spacing=\u00bb2px\u00bb header_line_height=\u00bb1.2em\u00bb body_font=\u00bb|600|||||||\u00bb body_line_height=\u00bb2em\u00bb animation=\u00bboff\u00bb hover_enabled=\u00bb0&#8243; icon_font_size=\u00bb20px\u00bb global_colors_info=\u00bb{}\u00bb sticky_enabled=\u00bb0&#8243;]<\/p>\n<p style=\"text-align: justify;\">Las formas de pago que aceptamos son mediante efectivo, dep\u00f3sito o transferencia bancaria, tarjetas de cr\u00e9dito y d\u00e9bito. Una vez realizado el pago se procede a realizar la factura que llega directamente a su correo.<\/p>\n<p>[\/et_pb_blurb][\/et_pb_column_inner][\/et_pb_row_inner][\/et_pb_column][\/et_pb_section]<\/p>\n","protected":false},"excerpt":{"rendered":"<p>TELEVENTAS Llamadas Telef\u00f3nicas\u00a0 Para comunicarse directamente con ABCAR est\u00e1n a sus disposici\u00f3n los siguientes n\u00fameros convencionales: 2447354\/2267148\/2459146. Tambi\u00e9n puede llamar a los siguientes n\u00fameros celulares: 0991692345\/0984664229 Distribuci\u00f3n Para env\u00edos se debe coordinar pago y env\u00edo de los repuestos a trav\u00e9s del Whatsapp 0979581152. En los env\u00edos el cliente asume los costos de flete y riesgo [&hellip;]<\/p>\n","protected":false},"author":1,"featured_media":0,"parent":0,"menu_order":0,"comment_status":"closed","ping_status":"closed","template":"","meta":{"_et_pb_use_builder":"on","_et_pb_old_content":"","_et_gb_content_width":"","footnotes":""},"class_list":["post-269","page","type-page","status-publish","hentry"],"jetpack_sharing_enabled":true,"_links":{"self":[{"href":"https:\/\/abcar.com.ec\/index.php\/wp-json\/wp\/v2\/pages\/269"}],"collection":[{"href":"https:\/\/abcar.com.ec\/index.php\/wp-json\/wp\/v2\/pages"}],"about":[{"href":"https:\/\/abcar.com.ec\/index.php\/wp-json\/wp\/v2\/types\/page"}],"author":[{"embeddable":true,"href":"https:\/\/abcar.com.ec\/index.php\/wp-json\/wp\/v2\/users\/1"}],"replies":[{"embeddable":true,"href":"https:\/\/abcar.com.ec\/index.php\/wp-json\/wp\/v2\/comments?post=269"}],"version-history":[{"count":14,"href":"https:\/\/abcar.com.ec\/index.php\/wp-json\/wp\/v2\/pages\/269\/revisions"}],"predecessor-version":[{"id":1963,"href":"https:\/\/abcar.com.ec\/index.php\/wp-json\/wp\/v2\/pages\/269\/revisions\/1963"}],"wp:attachment":[{"href":"https:\/\/abcar.com.ec\/index.php\/wp-json\/wp\/v2\/media?parent=269"}],"curies":[{"name":"wp","href":"https:\/\/api.w.org\/{rel}","templated":true}]}}